hat is the hundreds digit of h(-4)?
1
Let r(j) = -j**2 - j - 2. Let x be ((-3)/((-6)/4))/(8/(-12)). Let c be r(x). What is the tens digit of 3*(245/(-10))/(6/c)?
9
Let o(m) = 39114*m + 1991. What is the ten thousands digit of o(2)?
8
Suppose -f + 4*s - 216 + 595 = 0, -4*f - 3*s = -1611. Suppose -f*a = -394*a - 5900. What is the thousands digit of a?
1
Let j = 692 + -708. Let x(f) = f**3 - 8*f**2 - f - 2. Let b be x(8). Let p = b - j. What is the units digit of p?
6
Let u be ((-8 - -13) + -5)/2. Suppose u = -44*d + 18*d + 32812. What is the hundreds digit of d?
2
Let w = -4659 - -23871. What is the tens digit of w?
1
Suppose -238*o + 230*o + 128 = 0. Suppose 7975 = o*g + 855. What is the units digit of g?
5
Let r(f) = -97*f**2 - 10*f + 51. Let h(c) = -49*c**2 - 5*c + 25. Let u(d) = -7*h(d) + 3*r(d). What is the hundreds digit of u(-4)?
7
Let i(r) = r**3 + 9*r**2 + 14*r - 26. Let o be i(-12). Let l = o - -990. What is the hundreds digit of l?
3
Let w(g) = 96*g - 569. What is the hundreds digit of w(32)?
5
Let l = -32281 + 63479. What is the units digit of l?
8
Let g = 122 - 113. What is the tens digit of g/21 - 2120/(-35)?
6
Let r be 1/(4/(-12)) + -4. Let c(m) = -66*m + 66. What is the hundreds digit of c(r)?
5
Suppose -3830 = 4*d - 13585 - 15021. What is the units digit of d?
4
Let g(m) = m**2 + 21*m + 72. Let u be g(-4). Suppose z + 47 = 3*y + 696, u*z + y - 2544 = 0. What is the tens digit of z?
3
Let l(c) = 149*c - 28. Let k(p) = 224*p - 42. Let o(a) = -5*k(a) + 7*l(a). What is the hundreds digit of o(-4)?
3
Let a = 67 + -65. Suppose 4*j = g - 405, -2*g - 3*j + 846 = -a*j. What is the tens digit of g?
2
Suppose 182 = 3*p + m, -3*p - p + 4*m + 232 = 0. Let k = -2269 - -2354. Let y = k - p. What is the units digit of y?
5
Suppose -f - 5*m = -89, 3*f - 26*m - 250 = -24*m. What is the units digit of 95304/f + 12/28?
5
Let i be (24/28)/(3*4/(-84)). What is the tens digit of 29821/44 + i/8?
7
Suppose -4 = 4*g - 12. Suppose -2*a - 2 = b, -g*a = a - 3*b - 15. What is the tens digit of 15/(-3) + 2 + 42*a?
3
What is the thousands digit of (-1052)/(-4208) - (-12075)/4?
3
Let z = -349 + 25629. What is the ten thousands digit of z?
2
Let i(w) = 2840*w**2 - 1241*w - 1. What is the ten thousands digit of i(3)?
2
Suppose -11*y + 446 = -12*y + 3*z, 0 = z - 1. Let r = y - -844. What is the units digit of r?
1
What is the tens digit of 684/(18/(-9))*7*-4?
7
Let t be (-12)/(-6) - 81/3. Let y = 27 + t. Suppose -y*w = 3*w - 5*f - 275, 4*f = -w + 30. What is the tens digit of w?
5
Suppose 5*w - 6554 + 1229 = 0. Suppose 17*x + w - 4533 = 0. What is the units digit of x?
4
Suppose 4*p = -9*l + 103668, -41*p + 5*l + 51796 = -39*p. What is the ten thousands digit of p?
2
Suppose 127*w - 129*w + 36 = 0. Suppose -4*c - 8 = 12, h + 3*c = -17. Let y = h + w. What is the tens digit of y?
1
Let t be 0 + (848 - (-2 - -4)) + -3. Suppose -3*f = -4*b + b + t, b = -3*f + 261. What is the tens digit of b?
7
Let d = -36 - -57. What is the units digit of (113/(-3))/(-3 - (-56)/d)?
3
Let s(a) = -a**2 - 18*a - 15. Let r be s(-17). Suppose r*t + 8 = -0. Let f(v) = -27*v - 9. What is the tens digit of f(t)?
9
Suppose 0 = -7*l - 19 - 2. What is the hundreds digit of (6 - -10)*(-42)/l?
2
Let t(n) = 1696*n**2 + 468*n - 2. What is the ten thousands digit of t(-4)?
2
Let z = 64 - 92. Let n = z + 28. Suppose n = t - 57 - 20. What is the units digit of t?
7
Let p(u) = -u**3 + 10*u**2 - 41*u + 3. Let y be p(6). Let s = y + 146. What is the tens digit of s?
4
Let l = 88 - 134. Let q be (l/4)/((-3)/24) - 2. Suppose -3*m + q = -48. What is the units digit of m?
6
Suppose -3*u = -5*n + 19, 8 = -4*n - 8. Let x = u - -17. Suppose 0*m - x*m = -88. What is the tens digit of m?
2
Let s be (-503)/(-7) - 3/(-21). Let j = s + -69. What is the tens digit of (-30 - 1)/(j + -4)?
3
Let s = -1957 - -3578. Let o = s + -730. What is the units digit of o?
1
Suppose -2*z = 23*z + 3*z - 574224. What is the hundreds digit of z?
5
What is the thousands digit of 3/((-42)/(-49) + (-442740)/516628)?
8
Let s = 14 + -9. Suppose -2*x + 2*p - p = -6, -3*x - s*p = -9. Suppose 4*n - 646 = -5*i, -5*i = -x*i - 5*n - 232. What is the hundreds digit of i?
1
Let n(z) = z**3 + 3*z**2 - 6*z - 8. Let q be n(-4). Suppose q = -8*a + 4235 - 1331. What is the units digit of a?
3
What is the hundreds digit of 2*(((-1021515)/(-22))/3 + 6)?
9
Let l(r) = -r**3 + 6*r**2 + r - 7. Let j be l(5). Suppose 24*z - j*z - 225 = 0. Suppose -237 - z = -3*o. What is the units digit of o?
4
Let q(u) be the first derivative of u**3 + 13*u**2 - 43*u + 85. What is the units digit of q(-19)?
6
Let q(l) = 2*l**2 + 5*l - 7. Let r(g) = 12*g**3 - 6*g**2 - 2 - 3*g**2 - 13*g**3 - 13*g. Let h be r(-7). What is the tens digit of q(h)?
1
Suppose 979652 = 42*s + 11*s. What is the tens digit of s?
8
Let a = -2 + 4. Suppose 4*l = a*b - 756, -19*b + 16*b + 4*l + 1128 = 0. What is the hundreds digit of b?
3
Let r = 30551 - 22946. What is the tens digit of r?
0
Let k(z) = 1612*z**2 - 72*z + 276. What is the thousands digit of k(6)?
7
Let b = 586 - 586. Suppose -3*v + 6*q + 29 = 2*q, b = -3*q + 3. What is the units digit of v?
1
Let v(t) = -2*t**3 - t**2 - 7*t - 13. Suppose 4*o + 15 = 3. Let a(g) = g**3 + 7*g + 12. Let w(f) = o*a(f) - 2*v(f). What is the units digit of w(5)?
0
Suppose -3*x - 10*l + 14*l - 16 = 0, 2*x + 4 = l. Suppose x = 7*a - 1203 + 237. What is the hundreds digit of a?
1
Let w(i) be the first derivative of -3*i**2 + 128*i + 281. What is the tens digit of w(19)?
1
Suppose 769 = 6*a - 971. Let g = a + -63. What is the hundreds digit of g?
2
Suppose -2*b + b = -3*v + 4, 9 = -2*v + 3*b. Let s(t) = t**3 - t**2 - 4*t. Let q be s(v). What is the tens digit of ((-9)/(-2))/(q/36)?
2
Let v(m) = -m**3 + 15*m**2 + 4*m - 21. Let t be v(7). Suppose -o = 12*k - 10*k - t, -5*o = 2*k - 1995. What is the units digit of o?
9
Let t(j) = -6*j**3 + 8*j**2 + 64*j + 585. What is the tens digit of t(-22)?
3
Let v be 11 - (-1)/1*1. Suppose 0 = -m - v*m + 26. Suppose 6*q = m*q + 612. What is the units digit of q?
3
Let u = 5780 - -2644. Suppose 17*s - u = 5*s. What is the hundreds digit of s?
7
Let t(s) = 141*s + 796. What is the tens digit of t(16)?
5
Suppose 3*g - 332346 = -120*g. What is the tens digit of g?
0
Suppose -4*i - 1298 - 1252 = -2*d, 0 = -d - 5*i + 1268. Suppose 0 = 2*o + b - d, 4*b - 28 + 669 = o. What is the units digit of o?
7
Let q(u) = 699*u - 244. What is the units digit of q(10)?
6
Suppose -41*z + 102104 + 174819 = -70429. What is the units digit of z?
2
Let q be 335 + 1 + (-3 - -6) + -4. What is the hundreds digit of (-5445)/(-13) + (-5 - q/(-65))?
4
Suppose 398 = 4*q - 58. Let w = q - 165. Let m = w + 56. What is the units digit of m?
5
Suppose -24 + 34 = 5*y. Let h be -1 + (5 - 1) + y. Suppose -h*z + 145 + 220 = 0. What is the tens digit of z?
7
Let t(l) = -45*l**2 - 7*l - 25. Let c(h) = -92*h**2 - 15*h - 50. Let q(o) = 4*c(o) - 9*t(o). What is the hundreds digit of q(6)?
3
Let t be -2 - -2 - (-1)/3*-9. Let y = -261 - -704. What is the tens digit of (-51)/(-15) + t + y/5?
8
What is the hundreds digit of (0 + 70/3)/(3*8/9792)?
5
What is the thousands digit of 35598/4 - ((-2)/6)/(46/(-207))?
8
Let t be (-9)/(-24)*4*56/21. Suppose -3 = 3*v, 210 = 3*s - t*v + v. What is the tens digit of s?
6
Suppose -158*q = -272*q + 1965588. What is the thousands digit of q?
7
Let l = 35 + -26. Let r(j) = -j**3 + 8*j**2 + 7*j. Let q be r(l). Let u(g) = -2*g**2 - 37*g + 21. What is the tens digit of u(q)?
3
Let a be (-5)/(-4)*(40 - 0). Let c(x) = x**2 + x - 54. Let u be c(-8). Suppose -2*z - 2*f = -40 - a, -z - u*f + 42 = 0. What is the units digit of z?
8
What is the thousands digit of (-58505)/(-7) + 1608/(-1876)?
8
Let b = -8 + 34. Suppose 2*y - 3*i = b, -40 = -5*y - 3*i + 46. Let n(f) = -f + 21. What is the units digit of n(y)?
5
Let n be 3 + 3 + 17 + -23. Suppose n = -v + 2*p + 825, 13*p - 17*p = 2*v - 1666. What is the units digit of v?
9
Let k(u) = -u**2 + 21 + 10*u - 9*u + 95. Let m = 9 - 9. What is the tens digit of k(m)?
1
Let o = -97 + -27. Let l be ((-2)/3)/(-3 - (-9152)/3048). Let p = o - l. What is the hundreds digit of p?
1
Let l(u) = -6*u - 32. Let q be (4 + 3/(-2))*-54. Let c = q - -122. What is the tens digit of l(c)?
4
Let h be 22/143 + (-26076)/(-13). S